tens digit of 5/(-10) + m/2?
2
Suppose 10 = y + 2*h, -h - 22 = -4*y - 0*h. Let m be 6/(-9) - 72/(-27). Suppose 2*r = 4, -m*z + y = -0*z + 2*r. What is the units digit of z?
1
Suppose -2*f - n - 5026 = -5*f, 0 = -4*n + 20. What is the hundreds digit of f?
6
Let m(f) = -f**2 + 8*f - 10. Let b be m(7). What is the tens digit of (-54 - -3)/(b - -2)?
5
Suppose -4*c - 4*f = -4976, 3*c + 2504 = 5*c - 2*f. Suppose -4*m - 2*m = -c. What is the tens digit of m?
0
Suppose -2*y + 140 + 70 = 0. Let v = 89 + y. What is the tens digit of v?
9
Suppose 0 = 3*p - 4*q + 3433 - 587, p = 4*q - 938. What is the units digit of p/(-10) + (-21)/(-35)?
6
Let z(y) be the second derivative of y**4/12 - y**3/3 + y**2/2 + 6*y. Let x be z(4). Let h(m) = -m**2 + 9*m + 2. What is the units digit of h(x)?
2
Let u(t) = t**3 - 2*t - 4. Let l be u(4). Let d be (-3)/((-12)/(-2))*-8. Suppose -15 = 5*g, l = 5*p - 0*p - d*g. What is the units digit of p?
8
Suppose -2*p + 311 = 3*u - 300, 4*p = -5*u + 1221. What is the tens digit of p?
0
What is the thousands digit of (-1)/2 - (-15102)/12?
1
Let q(n) = -45*n - 279. What is the tens digit of q(-22)?
1
Suppose 16 + 4 = -4*v. What is the units digit of 4/(-20) - 351/v?
0
Let s(g) = g**2 + 13*g - 8. Let r be s(-13). What is the tens digit of r/(-3*(-2)/(-30))?
4
Let h be (2 + 0 + 3)/1. Let r(d) = 2*d - 4. Let v be r(h). What is the tens digit of 2/v - 123/(-9)?
1
Suppose 5*i - 40 = -5*o, o = 5*i - 2*o - 16. Suppose -5 = -i*y + 25. Suppose -u - y = -20. What is the units digit of u?
4
Suppose p + 29 = 5*n, 0 = 4*n + 2*p - 9 - 3. Let a(v) = v**2 - 4*v + 5. Let j be a(n). Suppose -4*i = -122 + j. What is the units digit of i?
8
Let r be 52/(-3)*45/(-30). Let v = 33 - r. What is the tens digit of -5*(v + 3)/(-2)?
2
Suppose 0 = 471*i - 473*i + 1782. What is the tens digit of i?
9
Let t = 17399 - 12395. What is the tens digit of t?
0
Suppose -4*q = -58 - 10. Suppose 19*c - q*c = 56. What is the tens digit of c?
2
Let u = -22 - -32. Let v = u - -20. What is the tens digit of v?
3
Suppose -2*n + 21 = 4*a - 3783, -5*n + 9546 = -2*a. What is the hundreds digit of n?
9
Let d = 9 - 7. Let o = 33 + -60. What is the units digit of o*3/(-1 - d)?
7
Let x = -26 - -29. What is the tens digit of 28 + (0 + 3 - x)?
2
Let w be -4 + 4 - 4 - -4. Suppose u = 3*m + 16, 5*u - 12 = -4*m + 2*m. Suppose w = -i + u*i - 153. What is the units digit of i?
1
What is the units digit of 709 - (-3*(-4)/12 + 1)?
7
What is the tens digit of 2/7 - (-1 - 10566/14)?
5
Let q(y) = -2*y + 6. Let j(n) = 1. Let i(w) = -6*j(w) + q(w). Let p be i(-2). Suppose 9 = -p*c + 113. What is the tens digit of c?
2
Suppose -5*d = 5*k - 60, d = 4*k + 3*d - 40. Let w(g) = 9*g - 2. Let q be w(k). What is the units digit of -3*1*q/(-30)?
7
Let t(c) = c. Let f be t(-7). Let o(j) = 3*j**2 - 22*j - 30. Let h(b) = -b**2 + 7*b + 10. Let q(p) = f*h(p) - 2*o(p). What is the units digit of q(7)?
4
Suppose 0*w - 6 = -w + 3*a, 2*a + 4 = 2*w. Suppose 0 = b + 3 - 0, w = 5*x + 5*b - 220. What is the tens digit of x?
4
What is the units digit of (54/(-45))/(-4 - 36185/(-9050))?
4
Let w be 36/14 - (-45)/105. Suppose -5*h + 160 = -w*n, n = 4*n - 15. What is the tens digit of h?
3
Let r = -5 - -9. Suppose -3*s - s = 5*n - 348, 291 = r*n - s. What is the units digit of n?
2
Suppose -4*g = 16, -2*j + 61 = 4*g + 15. What is the tens digit of j?
3
Let t = -361 - -645. What is the hundreds digit of t?
2
Suppose 23*u = -20*u + 1591. What is the tens digit of u?
3
Let j(k) = k - 10. Let s be j(6). Let q(b) = 3*b + 6. Let d be q(s). Let m(w) = -w**3 - 5*w**2 + 4*w + 15. What is the tens digit of m(d)?
2
Let y = -376 - -380. What is the units digit of y?
4
Suppose 2039 - 95 = 6*f. What is the tens digit of f?
2
Let f(d) = -2*d**2 + 11*d - 5*d + 3*d**2. Let a be f(-5). Let c(g) = -g**3 - 5*g**2 - 6*g + 6. What is the units digit of c(a)?
6
What is the units digit of 4220/6 - -1*10/15?
4
Suppose -5*h + 48 = -162. Let r = -33 + h. Suppose -4*z = -7*z + r. What is the units digit of z?
3
Let b(w) = 7*w - 6. Let j be b(4). Suppose 3*s - 199 = -j. What is the tens digit of s?
5
Suppose 0 = -g - 1 + 8. Let l be (-6)/21 - (-100)/g. Suppose -2*w = -w - l. What is the tens digit of w?
1
Suppose -9*t - 925 = 605. Let u = t - -249. What is the units digit of u?
9
Let m(s) = 56*s + 308. What is the hundreds digit of m(32)?
1
Let u = -11 + 13. Let k = -53 + u. Let o = 78 + k. What is the tens digit of o?
2
Let b be (-2 - (-3 - 5)) + 1. Let o = 10 - b. What is the units digit of ((-2 - o) + 3)*-7?
4
Let g be (-16)/(-12)*(-6)/4. Let m = -16 + 18. What is the units digit of g - (-16 - (m + -2))?
4
Suppose -4*s - 432 = -4*a, -3*a + s + 218 = -a. Suppose -3*q = 2*c - a, -5*q = -2*c + 3*c - 181. Let i = q - -2. What is the units digit of i?
8
What is the units digit of ((-4)/(-5)*2)/((-146)/(-1825))?
0
Let q(u) = -u**2 - 45*u + 110. What is the hundreds digit of q(-38)?
3
Suppose -2*x - x - 153 = 0. Let h = -344 + 459. Let b = x + h. What is the units digit of b?
4
Suppose v = -14 + 18. Suppose -4*n - 5*y + 352 + 70 = 0, 3*n = -5*y + 314. Suppose -3*a - n = -v*g, -47 + 9 = -g - 2*a. What is the tens digit of g?
3
What is the tens digit of (-632)/(-3 + 1) + -4?
1
What is the units digit of ((-561)/(-34) + -16)/((-1)/(-7172))?
6
Let n = 12 + -9. Let t(o) = -2 + 3 - n*o + 2 - 6. What is the units digit of t(-3)?
6
Let k be 0/(-4 - (-2)/1). Suppose -m - 1 = -k*m. What is the units digit of 3 - (4 + m - 2)?
2
Suppose q = -q + n + 5, 14 = 2*q + 2*n. Let b(j) = -j**3 + 8*j**2 - 8*j + 9. What is the units digit of b(q)?
1
Suppose -23*v + 18243 = -13543. What is the hundreds digit of v?
3
Let z = -11 + 9. Let a = 46 - z. Suppose -4*y + 120 + a = x, -193 = -5*y + 3*x. What is the units digit of y?
1
Let l(m) = 61*m**2 + 24*m + 15. What is the units digit of l(8)?
1
Suppose -14 = -5*t - 199. Let b = -70 - t. Let i = b - -72. What is the units digit of i?
9
Let c be -6*((-4)/(-10) + (-84)/60). Suppose 8*z - c*z = 440. What is the units digit of z?
0
Let l(a) be the first derivative of 39*a**2/2 - 11*a - 8. What is the hundreds digit of l(4)?
1
Suppose 0 = -o - 4*o - 210. Let y be 468/o*(2 - 9). Suppose 0 = -5*k + 5*h + 95, 21 - y = -3*k - 4*h. What is the tens digit of k?
1
Let o = -691 + 1015. What is the hundreds digit of o?
3
Let a(t) = t**3 - 8*t**2 + 7*t + 9. Let y be a(7). Suppose -1 - y = 2*m + 3*c, -2*m = -c + 2. What is the tens digit of 43 + (-2 - 2 - m)?
4
Suppose 0 = -4*c + 8*c - 256. Let f be 2/(-2)*c/2. Let r = -20 - f. What is the tens digit of r?
1
Let x(t) = 4*t**2 - 6*t. Suppose -3*d = -2*d - 4. What is the tens digit of x(d)?
4
Let j = -830 - -1159. What is the tens digit of j?
2
Let y(l) = 2*l**2 + 4. Let n be y(-10). Let o = n - 87. What is the hundreds digit of o?
1
Suppose 0 = -41*f + 3038 + 35461. What is the units digit of f?
9
Let k = -144 - -266. Suppose 4*z = -d - 7 + k, -3*z = -5*d + 506. What is the units digit of d?
3
Let a = -1412 - -2900. What is the thousands digit of a?
1
Suppose 10*s - 6*s = -5*r + 4354, -s = 4*r - 3481. What is the units digit of r?
0
Let q = -871 + 1257. What is the units digit of q?
6
Let o(c) be the first derivative of 43*c**3/3 + 2*c**2 + 7*c - 14. What is the tens digit of o(-2)?
7
Let b(y) = -y**3 + y**2 + y. Let k(f) = 10*f**3 - f**2 + 3*f - 2. Let h(p) = -4*b(p) + 2*k(p). What is the hundreds digit of h(2)?
1
Let m = 6 + -135. Let a = m - -245. What is the hundreds digit of a?
1
Let d be (-70)/(-40) - (-1)/4. What is the units digit of (-36)/(-48)*164/6*d?
1
Let f be 1469 - 8/4 - 12/(-3). Suppose -11*a + y = -16*a + f, -4*y + 869 = 3*a. What is the units digit of a?
5
What is the tens digit of 19/(-247) + (-49650)/(-39)?
7
What is the tens digit of 1666 + -1 + (2 + -10)/(-2)?
6
Let s be -6*2/(-8)*2. Suppose s*c = -2*c + 420. Suppose -c = -4*z + 4*k, 2*k + 2 + 82 = 4*z. What is the units digit of z?
1
Let i be (3/1)/(3/14). Let p be (-7)/(-49) + 376/i. Let j = p - -22. What is the tens digit of j?
4
Let z(n) = -5*n + 6. Let l be z(1). Let o(r) = 126*r**2 - 4*r. What is the tens digit of o(l)?
2
Suppose 2*v = 3*v + 1. What is the tens digit of (-280)/24*v*3?
3
Suppose -8*r + 7*r = -104. Suppose -u + 79 = -p - r, 5*u - 3*p = 923. What is the hundreds digit of u?
1
Let j(u) = -23*u**2 + 6*u + 6.